{"id":2179,"date":"2023-02-13T10:30:04","date_gmt":"2023-02-13T10:30:04","guid":{"rendered":"https:\/\/strong-connection.com\/de\/?page_id=2179"},"modified":"2025-10-20T12:59:29","modified_gmt":"2025-10-20T12:59:29","slug":"impressum","status":"publish","type":"page","link":"https:\/\/strong-connection.com\/de\/impressum\/","title":{"rendered":"Impressum"},"content":{"rendered":"<section class=\"l-section wpb_row height_custom\"><div class=\"l-section-h i-cf\"><div class=\"g-cols vc_row via_grid cols_1 laptops-cols_inherit tablets-cols_inherit mobiles-cols_1 valign_top type_default stacking_default\"><div class=\"wpb_column vc_column_container\"><div class=\"vc_column-inner\"><div class=\"wpb_text_column\"><div class=\"wpb_wrapper\"><h1>Impressum<\/h1>\n<h2>Rechtliche Hinweise<\/h2>\n<p><strong>wedi GmbH<\/strong><br \/>Vertretungsberechtigter Gesch\u00e4ftsf\u00fchrer: Fabian Rechlin, Andreas F\u00fcrer<br \/>Hollefeldstr. 51<br \/>D-48282 Emsdetten<br \/>Tel.: +49 (0)2572 156 0<br \/>Fax: +49 (0)2572 156 133<br \/>E-Mail:\u00a0<a>info@wedi.de<\/a><br \/>Internet:\u00a0<a href=\"http:\/\/www.wedi.net\/\" target=\"_blank\" rel=\"noopener\">www.wedi.net<\/a><\/p>\n<p><strong>Rechtlicher Hinweis:<\/strong><br \/>Eingetragen im Handelsregister beim Amtsgericht Steinfurt<br \/>Registernummer:\u00a0HRB 3782<br \/>USt.-Ident.-Nr.: DE 124394248<\/p>\n<p>Fragen und Anregungen bitte an:\u00a0<a>info@wedi.de<\/a><\/p>\n<p><strong>Inhaltlich Verantwortliche Personen gem\u00e4\u00df \u00a7 10 Absatz 3 MDStV:<\/strong><br \/>Fabian Rechlin, Andreas F\u00fcrer<br \/>wedi GmbH<br \/>Hollefeldstr. 51<br \/>48282 Emsdetten<\/p>\n<p><strong>Datenschutz<\/strong><br \/>Alle Informationen zum Datenschutz finden Sie <a href=\"https:\/\/www.wedi.net\/datenschutz\/\" target=\"_blank\" rel=\"noopener\">hier.<\/a><\/p>\n<p><strong>Haftungshinweis:<\/strong><br \/>Trotz sorgf\u00e4ltiger inhaltlicher Kontrolle \u00fcbernehmen wir keine Haftung f\u00fcr die Inhalte externer Links. F\u00fcr den Inhalt der verlinkten Seiten sind ausschlie\u00dflich deren Betreiber verantwortlich.<\/p>\n<p>Alle Rechte vorbehalten. Die Informationen sind Eigentum der wedi GmbH. Sie stellen die zum Zeitpunkt der Publikation jeweils neusten Informationen dar. Eine Haftung oder Garantie f\u00fcr die Aktualit\u00e4t, Richtigkeit und Vollst\u00e4ndigkeit der zur Verf\u00fcgung gestellten Informationen und Daten ist ausgeschlossen. Dies gilt ebenso f\u00fcr alle anderen Websites, auf die mittels eines Hyperlinks verwiesen wird. F\u00fcr den Inhalt solcher Sites ist die wedi GmbH ebenfalls nicht verantwortlich.<\/p>\n<p>Die Informationen auf den Webseiten stellen in keinem Fall rechtliche Zusicherungen dar. Die wedi GmbH beh\u00e4lt sich das Recht vor, bei Bedarf \u00c4nderungen oder Erg\u00e4nzungen der bereitgestellten Informationen oder Daten durchzuf\u00fchren. Aus den hier beschriebenen Themenbereichen k\u00f6nnen keine Rechtsanspr\u00fcche abgeleitet werden. Angebote sind in allen Teilen unverbindlich.<\/p>\n<p>Die wedi GmbH haftet weder f\u00fcr direkte noch indirekte Sch\u00e4den, die durch die Nutzung der Informationen oder Daten entstehen, die auf dieser Website zu finden sind. Rechte und Pflichten zwischen der wedi GmbH und dem Nutzer der Website oder Dritten bestehen nicht.<\/p>\n<p>Die Inhalte der wedi GmbH sind urheberrechtlich gesch\u00fctzt. Die Inhalte d\u00fcrfen weder ganz noch teilweise ohne vorherige schriftliche Genehmigung des Urhebers vervielf\u00e4ltigt und\/oder ver\u00f6ffentlicht oder in einem Informationssystem gespeichert werden.<\/p>\n<p>S\u00e4mtliche Informationen oder Daten, ihre Nutzung sowie s\u00e4mtliches mit der Website der wedi GmbH zusammenh\u00e4ngendes Tun, Dulden oder Unterlassen unterliegen ausschlie\u00dflich deutschem Recht, unter Ausschlu\u00df von internationalem Recht. Erf\u00fcllungsort und ausschlie\u00dflicher Gerichtsstand ist Emsdetten.<\/p>\n<\/div><\/div><\/div><\/div><\/div><\/div><\/section>\n","protected":false},"excerpt":{"rendered":"Impressum Rechtliche Hinweise wedi GmbHVertretungsberechtigter Gesch\u00e4ftsf\u00fchrer: Fabian Rechlin, Andreas F\u00fcrerHollefeldstr. 51D-48282 EmsdettenTel.: +49 (0)2572 156 0Fax: +49 (0)2572 156 133E-Mail:\u00a0info@wedi.deInternet:\u00a0www.wedi.net Rechtlicher Hinweis:Eingetragen im Handelsregister beim Amtsgericht SteinfurtRegisternummer:\u00a0HRB 3782USt.-Ident.-Nr.: DE 124394248 Fragen und Anregungen bitte an:\u00a0info@wedi.de Inhaltlich Verantwortliche Personen gem\u00e4\u00df \u00a7 10 Absatz 3 MDStV:Fabian Rechlin, Andreas F\u00fcrerwedi GmbHHollefeldstr. 5148282 Emsdetten DatenschutzAlle Informationen zum Datenschutz finden...","protected":false},"author":2,"featured_media":0,"parent":0,"menu_order":0,"comment_status":"closed","ping_status":"closed","template":"","meta":{"footnotes":""},"class_list":["post-2179","page","type-page","status-publish","hentry"],"yoast_head":"<!-- This site is optimized with the Yoast SEO plugin v27.5 - https:\/\/yoast.com\/product\/yoast-seo-wordpress\/ -->\n<title>Impressum - Eine starke Verbindung<\/title>\n<meta name=\"robots\" content=\"index, follow, max-snippet:-1, max-image-preview:large, max-video-preview:-1\" \/>\n<link rel=\"canonical\" href=\"https:\/\/strong-connection.com\/de\/impressum\/\" \/>\n<meta property=\"og:locale\" content=\"de_DE\" \/>\n<meta property=\"og:type\" content=\"article\" \/>\n<meta property=\"og:title\" content=\"Impressum - Eine starke Verbindung\" \/>\n<meta property=\"og:url\" content=\"https:\/\/strong-connection.com\/de\/impressum\/\" \/>\n<meta property=\"og:site_name\" content=\"Eine starke Verbindung\" \/>\n<meta property=\"article:modified_time\" content=\"2025-10-20T12:59:29+00:00\" \/>\n<meta name=\"twitter:card\" content=\"summary_large_image\" \/>\n<meta name=\"twitter:label1\" content=\"Gesch\u00e4tzte Lesezeit\" \/>\n\t<meta name=\"twitter:data1\" content=\"2\u00a0Minuten\" \/>\n<script type=\"application\/ld+json\" class=\"yoast-schema-graph\">{\"@context\":\"https:\\\/\\\/schema.org\",\"@graph\":[{\"@type\":\"WebPage\",\"@id\":\"https:\\\/\\\/strong-connection.com\\\/de\\\/impressum\\\/\",\"url\":\"https:\\\/\\\/strong-connection.com\\\/de\\\/impressum\\\/\",\"name\":\"Impressum - Eine starke Verbindung\",\"isPartOf\":{\"@id\":\"https:\\\/\\\/strong-connection.com\\\/de\\\/#website\"},\"datePublished\":\"2023-02-13T10:30:04+00:00\",\"dateModified\":\"2025-10-20T12:59:29+00:00\",\"breadcrumb\":{\"@id\":\"https:\\\/\\\/strong-connection.com\\\/de\\\/impressum\\\/#breadcrumb\"},\"inLanguage\":\"de\",\"potentialAction\":[{\"@type\":\"ReadAction\",\"target\":[\"https:\\\/\\\/strong-connection.com\\\/de\\\/impressum\\\/\"]}]},{\"@type\":\"BreadcrumbList\",\"@id\":\"https:\\\/\\\/strong-connection.com\\\/de\\\/impressum\\\/#breadcrumb\",\"itemListElement\":[{\"@type\":\"ListItem\",\"position\":1,\"name\":\"Startseite\",\"item\":\"https:\\\/\\\/strong-connection.com\\\/de\\\/\"},{\"@type\":\"ListItem\",\"position\":2,\"name\":\"Impressum\"}]},{\"@type\":\"WebSite\",\"@id\":\"https:\\\/\\\/strong-connection.com\\\/de\\\/#website\",\"url\":\"https:\\\/\\\/strong-connection.com\\\/de\\\/\",\"name\":\"Eine starke Verbindung\",\"description\":\"\",\"publisher\":{\"@id\":\"https:\\\/\\\/strong-connection.com\\\/de\\\/#organization\"},\"potentialAction\":[{\"@type\":\"SearchAction\",\"target\":{\"@type\":\"EntryPoint\",\"urlTemplate\":\"https:\\\/\\\/strong-connection.com\\\/de\\\/?s={search_term_string}\"},\"query-input\":{\"@type\":\"PropertyValueSpecification\",\"valueRequired\":true,\"valueName\":\"search_term_string\"}}],\"inLanguage\":\"de\"},{\"@type\":\"Organization\",\"@id\":\"https:\\\/\\\/strong-connection.com\\\/de\\\/#organization\",\"name\":\"Eine starke Verbindung\",\"url\":\"https:\\\/\\\/strong-connection.com\\\/de\\\/\",\"logo\":{\"@type\":\"ImageObject\",\"inLanguage\":\"de\",\"@id\":\"https:\\\/\\\/strong-connection.com\\\/de\\\/#\\\/schema\\\/logo\\\/image\\\/\",\"url\":\"https:\\\/\\\/strong-connection.com\\\/wp-content\\\/uploads\\\/2023\\\/02\\\/wedi-ardex-cooperation_logo_claim-de_vector-rgb_478x230mm_220811-2.svg\",\"contentUrl\":\"https:\\\/\\\/strong-connection.com\\\/wp-content\\\/uploads\\\/2023\\\/02\\\/wedi-ardex-cooperation_logo_claim-de_vector-rgb_478x230mm_220811-2.svg\",\"width\":\"1024\",\"height\":\"1024\",\"caption\":\"Eine starke Verbindung\"},\"image\":{\"@id\":\"https:\\\/\\\/strong-connection.com\\\/de\\\/#\\\/schema\\\/logo\\\/image\\\/\"}}]}<\/script>\n<!-- \/ Yoast SEO plugin. -->","yoast_head_json":{"title":"Impressum - Eine starke Verbindung","robots":{"index":"index","follow":"follow","max-snippet":"max-snippet:-1","max-image-preview":"max-image-preview:large","max-video-preview":"max-video-preview:-1"},"canonical":"https:\/\/strong-connection.com\/de\/impressum\/","og_locale":"de_DE","og_type":"article","og_title":"Impressum - Eine starke Verbindung","og_url":"https:\/\/strong-connection.com\/de\/impressum\/","og_site_name":"Eine starke Verbindung","article_modified_time":"2025-10-20T12:59:29+00:00","twitter_card":"summary_large_image","twitter_misc":{"Gesch\u00e4tzte Lesezeit":"2\u00a0Minuten"},"schema":{"@context":"https:\/\/schema.org","@graph":[{"@type":"WebPage","@id":"https:\/\/strong-connection.com\/de\/impressum\/","url":"https:\/\/strong-connection.com\/de\/impressum\/","name":"Impressum - Eine starke Verbindung","isPartOf":{"@id":"https:\/\/strong-connection.com\/de\/#website"},"datePublished":"2023-02-13T10:30:04+00:00","dateModified":"2025-10-20T12:59:29+00:00","breadcrumb":{"@id":"https:\/\/strong-connection.com\/de\/impressum\/#breadcrumb"},"inLanguage":"de","potentialAction":[{"@type":"ReadAction","target":["https:\/\/strong-connection.com\/de\/impressum\/"]}]},{"@type":"BreadcrumbList","@id":"https:\/\/strong-connection.com\/de\/impressum\/#breadcrumb","itemListElement":[{"@type":"ListItem","position":1,"name":"Startseite","item":"https:\/\/strong-connection.com\/de\/"},{"@type":"ListItem","position":2,"name":"Impressum"}]},{"@type":"WebSite","@id":"https:\/\/strong-connection.com\/de\/#website","url":"https:\/\/strong-connection.com\/de\/","name":"Eine starke Verbindung","description":"","publisher":{"@id":"https:\/\/strong-connection.com\/de\/#organization"},"potentialAction":[{"@type":"SearchAction","target":{"@type":"EntryPoint","urlTemplate":"https:\/\/strong-connection.com\/de\/?s={search_term_string}"},"query-input":{"@type":"PropertyValueSpecification","valueRequired":true,"valueName":"search_term_string"}}],"inLanguage":"de"},{"@type":"Organization","@id":"https:\/\/strong-connection.com\/de\/#organization","name":"Eine starke Verbindung","url":"https:\/\/strong-connection.com\/de\/","logo":{"@type":"ImageObject","inLanguage":"de","@id":"https:\/\/strong-connection.com\/de\/#\/schema\/logo\/image\/","url":"https:\/\/strong-connection.com\/wp-content\/uploads\/2023\/02\/wedi-ardex-cooperation_logo_claim-de_vector-rgb_478x230mm_220811-2.svg","contentUrl":"https:\/\/strong-connection.com\/wp-content\/uploads\/2023\/02\/wedi-ardex-cooperation_logo_claim-de_vector-rgb_478x230mm_220811-2.svg","width":"1024","height":"1024","caption":"Eine starke Verbindung"},"image":{"@id":"https:\/\/strong-connection.com\/de\/#\/schema\/logo\/image\/"}}]}},"_links":{"self":[{"href":"https:\/\/strong-connection.com\/de\/wp-json\/wp\/v2\/pages\/2179","targetHints":{"allow":["GET"]}}],"collection":[{"href":"https:\/\/strong-connection.com\/de\/wp-json\/wp\/v2\/pages"}],"about":[{"href":"https:\/\/strong-connection.com\/de\/wp-json\/wp\/v2\/types\/page"}],"author":[{"embeddable":true,"href":"https:\/\/strong-connection.com\/de\/wp-json\/wp\/v2\/users\/2"}],"replies":[{"embeddable":true,"href":"https:\/\/strong-connection.com\/de\/wp-json\/wp\/v2\/comments?post=2179"}],"version-history":[{"count":9,"href":"https:\/\/strong-connection.com\/de\/wp-json\/wp\/v2\/pages\/2179\/revisions"}],"predecessor-version":[{"id":4782,"href":"https:\/\/strong-connection.com\/de\/wp-json\/wp\/v2\/pages\/2179\/revisions\/4782"}],"wp:attachment":[{"href":"https:\/\/strong-connection.com\/de\/wp-json\/wp\/v2\/media?parent=2179"}],"curies":[{"name":"wp","href":"https:\/\/api.w.org\/{rel}","templated":true}]}}

<section class="l-section wpb_row height_custom"><div class="l-section-h i-cf"><div class="g-cols vc_row via_grid cols_1 laptops-cols_inherit tablets-cols_inherit mobiles-cols_1 valign_top type_default stacking_default"><div class="wpb_column vc_column_container"><div class="vc_column-inner"><div class="wpb_text_column"><div class="wpb_wrapper"><h1>Impressum</h1>
<h2>Rechtliche Hinweise</h2>
<p><strong>wedi GmbH</strong><br />Vertretungsberechtigter Geschäftsführer: Fabian Rechlin, Andreas Fürer<br />Hollefeldstr. 51<br />D-48282 Emsdetten<br />Tel.: +49 (0)2572 156 0<br />Fax: +49 (0)2572 156 133<br />E-Mail: <a>info@wedi.de</a><br />Internet: <a href="http://www.wedi.net/" target="_blank" rel="noopener">www.wedi.net</a></p>
<p><strong>Rechtlicher Hinweis:</strong><br />Eingetragen im Handelsregister beim Amtsgericht Steinfurt<br />Registernummer: HRB 3782<br />USt.-Ident.-Nr.: DE 124394248</p>
<p>Fragen und Anregungen bitte an: <a>info@wedi.de</a></p>
<p><strong>Inhaltlich Verantwortliche Personen gemäß § 10 Absatz 3 MDStV:</strong><br />Fabian Rechlin, Andreas Fürer<br />wedi GmbH<br />Hollefeldstr. 51<br />48282 Emsdetten</p>
<p><strong>Datenschutz</strong><br />Alle Informationen zum Datenschutz finden Sie <a href="https://www.wedi.net/datenschutz/" target="_blank" rel="noopener">hier.</a></p>
<p><strong>Haftungshinweis:</strong><br />Trotz sorgfältiger inhaltlicher Kontrolle übernehmen wir keine Haftung für die Inhalte externer Links. Für den Inhalt der verlinkten Seiten sind ausschließlich deren Betreiber verantwortlich.</p>
<p>Alle Rechte vorbehalten. Die Informationen sind Eigentum der wedi GmbH. Sie stellen die zum Zeitpunkt der Publikation jeweils neusten Informationen dar. Eine Haftung oder Garantie für die Aktualität, Richtigkeit und Vollständigkeit der zur Verfügung gestellten Informationen und Daten ist ausgeschlossen. Dies gilt ebenso für alle anderen Websites, auf die mittels eines Hyperlinks verwiesen wird. Für den Inhalt solcher Sites ist die wedi GmbH ebenfalls nicht verantwortlich.</p>
<p>Die Informationen auf den Webseiten stellen in keinem Fall rechtliche Zusicherungen dar. Die wedi GmbH behält sich das Recht vor, bei Bedarf Änderungen oder Ergänzungen der bereitgestellten Informationen oder Daten durchzuführen. Aus den hier beschriebenen Themenbereichen können keine Rechtsansprüche abgeleitet werden. Angebote sind in allen Teilen unverbindlich.</p>
<p>Die wedi GmbH haftet weder für direkte noch indirekte Schäden, die durch die Nutzung der Informationen oder Daten entstehen, die auf dieser Website zu finden sind. Rechte und Pflichten zwischen der wedi GmbH und dem Nutzer der Website oder Dritten bestehen nicht.</p>
<p>Die Inhalte der wedi GmbH sind urheberrechtlich geschützt. Die Inhalte dürfen weder ganz noch teilweise ohne vorherige schriftliche Genehmigung des Urhebers vervielfältigt und/oder veröffentlicht oder in einem Informationssystem gespeichert werden.</p>
<p>Sämtliche Informationen oder Daten, ihre Nutzung sowie sämtliches mit der Website der wedi GmbH zusammenhängendes Tun, Dulden oder Unterlassen unterliegen ausschließlich deutschem Recht, unter Ausschluß von internationalem Recht. Erfüllungsort und ausschließlicher Gerichtsstand ist Emsdetten.</p>
</div></div></div></div></div></div></section>

Impressum Rechtliche Hinweise wedi GmbHVertretungsberechtigter Geschäftsführer: Fabian Rechlin, Andreas FürerHollefeldstr. 51D-48282 EmsdettenTel.: +49 (0)2572 156 0Fax: +49 (0)2572 156 133E-Mail: info@wedi.deInternet: www.wedi.net Rechtlicher Hinweis:Eingetragen im Handelsregister beim Amtsgericht SteinfurtRegisternummer: HRB 3782USt.-Ident.-Nr.: DE 124394248 Fragen und Anregungen bitte an: info@wedi.de Inhaltlich Verantwortliche Personen gemäß § 10 Absatz 3 MDStV:Fabian Rechlin, Andreas Fürerwedi GmbHHollefeldstr. 5148282 Emsdetten DatenschutzAlle Informationen zum Datenschutz finden...

<!-- This site is optimized with the Yoast SEO plugin v27.5 - https://yoast.com/product/yoast-seo-wordpress/ -->
<title>Impressum - Eine starke Verbindung</title>
<meta name="robots" content="index, follow, max-snippet:-1, max-image-preview:large, max-video-preview:-1" />
<link rel="canonical" href="https://strong-connection.com/de/impressum/" />
<meta property="og:locale" content="de_DE" />
<meta property="og:type" content="article" />
<meta property="og:title" content="Impressum - Eine starke Verbindung" />
<meta property="og:url" content="https://strong-connection.com/de/impressum/" />
<meta property="og:site_name" content="Eine starke Verbindung" />
<meta property="article:modified_time" content="2025-10-20T12:59:29+00:00" />
<meta name="twitter:card" content="summary_large_image" />
<meta name="twitter:label1" content="Geschätzte Lesezeit" />
	<meta name="twitter:data1" content="2 Minuten" />
<script type="application/ld+json" class="yoast-schema-graph">{"@context":"https:\/\/schema.org","@graph":[{"@type":"WebPage","@id":"https:\/\/strong-connection.com\/de\/impressum\/","url":"https:\/\/strong-connection.com\/de\/impressum\/","name":"Impressum - Eine starke Verbindung","isPartOf":{"@id":"https:\/\/strong-connection.com\/de\/#website"},"datePublished":"2023-02-13T10:30:04+00:00","dateModified":"2025-10-20T12:59:29+00:00","breadcrumb":{"@id":"https:\/\/strong-connection.com\/de\/impressum\/#breadcrumb"},"inLanguage":"de","potentialAction":[{"@type":"ReadAction","target":["https:\/\/strong-connection.com\/de\/impressum\/"]}]},{"@type":"BreadcrumbList","@id":"https:\/\/strong-connection.com\/de\/impressum\/#breadcrumb","itemListElement":[{"@type":"ListItem","position":1,"name":"Startseite","item":"https:\/\/strong-connection.com\/de\/"},{"@type":"ListItem","position":2,"name":"Impressum"}]},{"@type":"WebSite","@id":"https:\/\/strong-connection.com\/de\/#website","url":"https:\/\/strong-connection.com\/de\/","name":"Eine starke Verbindung","description":"","publisher":{"@id":"https:\/\/strong-connection.com\/de\/#organization"},"potentialAction":[{"@type":"SearchAction","target":{"@type":"EntryPoint","urlTemplate":"https:\/\/strong-connection.com\/de\/?s={search_term_string}"},"query-input":{"@type":"PropertyValueSpecification","valueRequired":true,"valueName":"search_term_string"}}],"inLanguage":"de"},{"@type":"Organization","@id":"https:\/\/strong-connection.com\/de\/#organization","name":"Eine starke Verbindung","url":"https:\/\/strong-connection.com\/de\/","logo":{"@type":"ImageObject","inLanguage":"de","@id":"https:\/\/strong-connection.com\/de\/#\/schema\/logo\/image\/","url":"https:\/\/strong-connection.com\/wp-content\/uploads\/2023\/02\/wedi-ardex-cooperation_logo_claim-de_vector-rgb_478x230mm_220811-2.svg","contentUrl":"https:\/\/strong-connection.com\/wp-content\/uploads\/2023\/02\/wedi-ardex-cooperation_logo_claim-de_vector-rgb_478x230mm_220811-2.svg","width":"1024","height":"1024","caption":"Eine starke Verbindung"},"image":{"@id":"https:\/\/strong-connection.com\/de\/#\/schema\/logo\/image\/"}}]}</script>
<!-- / Yoast SEO plugin. -->
